
5
What is the value of (-5 - -1) + (1 - -1) - -6?
4
Calculate -3 - (12 + (2 - (14 + -5))).
-8
Calculate 3 + (-6 - 1) - (-5 - -5).
-4
What is -4 - (0 + -3 + -6)?
5
What is the value of 4 + (0 - 0) - (-7 + 8)?
3
What is the value of (6 - 3 - -1) + (7 - 7)?
4
Evaluate (-31 - -14) + (10 - (5 + -2)).
-10
What is 155 - 170 - (-5 - 1)?
-9
What is 19 + -19 + 8 + -2?
6
What is -3 + 8 - (0 - 1) - 2?
4
What is -4 - -1 - (-14 + 16)?
-5
Calculate -4 + (31 - 31) + -2 + -1.
-7
Evaluate -4 + (2 - 3) + 4.
-1
What is 5 - ((8 - 6) + 5)?
-2
Evaluate -3 + 5 + -1 + 1 + -1.
1
6 + -14 + 3 + -2 + 1
-6
What is -6 + (1 - -1) + 3 + -4?
-5
Evaluate -5 + 3 + 1 - 3 - 0.
-4
Calculate -4 + 4 + (-5 - -2).
-3
Calculate 5 + -4 + (3 - (9 - 0)).
-5
-10 + 2 - (-2 - -1 - 2)
-5
Calculate -5 + (2 + -5 - 0 - -7).
-1
(-6 - (-14 - (3 - 8))) + 5
8
Calculate (6 - 10) + 3 + 4.
3
Evaluate (6 - (7 + -6)) + (-4 - 1).
0
Evaluate -27 + 26 - (-6 + (-4 - -1)).
8
Evaluate (-2 - (0 - -1)) + 0 + 4.
1
What is -6 + 6 + 1 + -3 + 0?
-2
What is the value of (2 - 5) + -1 - -9?
5
0 - (7 - 5 - -2 - 4)
0
17 - 30 - (-15 - -2)
0
What is the value of 2 + 4 + -1 + -9?
-4
What is the value of -2 - (6 + (3 - 3) - 10)?
2
Evaluate (-5 - (4 + -7 - 19)) + -7.
10
(4 - (4 + 0 + -1)) + 0
1
Calculate 10 - (-3 - (-3 + -7)).
3
What is the value of 3 + 0 - (36 + -16 + -10)?
-7
(-3 + -1 - -6) + -2
0
What is 2 + -4 + 6 - (14 - 18)?
8
What is the value of -10 - (-2 + 0 + -4 - 0)?
-4
Calculate 11 + -9 + 5 - 10.
-3
Calculate 2 - (-1 + 0 - (-4 - -6)).
5
What is the value of (0 - 0) + (21 - 21) + -4?
-4
What is (-6 - (-14 + 5)) + -7 + 9?
5
Evaluate (-49 - -42) + -2 + 6.
-3
What is the value of (7 - (-8 + 14)) + (1 - 7)?
-5
9 - (4 - 4) - 7
2
What is the value of 8 + (-2 - 0) - 4?
2
What is (15 - 25) + (2 - -2)?
-6
What is the value of 0 - 2 - (1 + -2 + -1)?
0
What is -7 + (15 - 7) - -5?
6
What is the value of 2 - (-2 + 5 + 0)?
-1
7 + -3 + 6 - (7 - 2)
5
What is the value of 32 + -36 + (6 + -4 - 7)?
-9
Evaluate -4 - -4 - -1 - 1.
0
Calculate -1 + 3 - ((5 - 11) + 3).
5
Calculate 6 + (6 - 7 - -1) + 4.
10
What is (1 - (0 - -2 - -1)) + -2?
-4
Calculate -2 + (0 - 1) - -1 - 2.
-4
Calculate -5 + 16 + -1 + -6.
4
What is -6 + 8 + -8 + 3?
-3
Evaluate -13 + 5 - -5 - -7 - 10.
-6
Calculate (44 - 46) + 1 + 5.
4
What is (-1 - 5) + 8 + -2?
0
Calculate (4 - 4) + -6 + 3.
-3
Calculate -21 + 23 - (1 + 1 + 2).
-2
Evaluate (-3 - 1) + (9 - 2).
3
Evaluate 8 + (-8 - 4) + 8.
4
4 - (-6 + 10) - 4
-4
What is the value of (-4 - -6) + 8 + -6?
4
What is -2 - (22 + -13 + -7)?
-4
What is the value of 3 + (10 - 1) - 4?
8
What is the value of (-6 - -9) + -8 - 0?
-5
What is the value of 39 + -31 + (-8 - -1)?
1
Calculate -1 + (3 - (4 - (-1 - -2))).
-1
Evaluate (2 - -2 - 2) + 2 - 2.
2
What is -1 + (-4 - -6) - (0 + -4)?
5
Calculate 4 + (2 + 5 - 16).
-5
What is the value of -2 + 4 + -6 - -5?
1
Calculate (-2 + -1 - 0) + 3 + -3.
-3
What is (-6 + 6 - 2 - -1) + -2?
-3
Evaluate (11 - 5 - 12) + 11.
5
What is the value of -6 + 12 + -4 - (9 - 2)?
-5
What is 26 + -25 - (7 + -4)?
-2
Calculate -7 + 5 + -5 + 8 - 3.
-2
Evaluate (-4 - -2) + 11 + -14 + -3.
-8
Calculate (7 + -7 - 0) + 4.
4
What is the value of 5 - 5 - (10 - 7)?
-3
3 - 3 - 9 - -4
-5
What is (25 - 13) + 1 + -9?
4
Evaluate 6 - (8 + (-5 + 3 - 2)).
2
What is -8 + -1 - (-35 - -32)?
-6
Calculate -13 - (-20 + (15 - 13)).
5
Calculate (1 - -2) + -7 - -5.
1
-5 - 0 - (-4 + 9 + -6)
-4
Evaluate (24 - 0) + -9 - 10.
5
-7 - 3 - (-1 - 8)
-1
Calculate -12 - (-1 + (-12 - -8 - 1)).
-6
Calculate 56 + -63 + (-1 - -7).
-1
Evaluate 4 + -4 + 2 - (3 + -3).
2
What is -2 + -5 - (0 + -11)?
4
Evaluate 59 - 45 - (25 + -1).
-10
What is -7 + 8 - 6 - -12?
7
Evaluate 22 + -11 + -12 + 0.
-1
Evaluate -5 - (-4 + 0 + 7 - 4).
-4
5 + -6 + 18 + -7 + -5
5
What is -6 + (20 - 1 - 7) - 0?
6
Evaluate (2 - (1 - 2)) + (1 - 1).
3
What is -4 + (-9 - (-6 + 2) - -2)?
-7
Calculate (6 - 11 - -7) + (6 - 3).
5
What is the value of -14 + (13 - 13) - -20?
6
What is the value of -2 + -2 + 6 - 5?
-3
What is (2 - -1) + (-9 + 2 - -11)?
7
What is the value of 3 + (1 - 3) + 0 + -3?
-2
What is (1 - (-2 - -7)) + 7?
3
Evaluate 0 + 2 + 4 + -3 + 1.
4
What is the value of -1 + (4 - 2) + -6?
-5
Evaluate -4 + 1 + -4 + 4 + 5.
2
What is 1 - 2 - (-11 - -1) - 4?
5
What is (11 - (2 - -8)) + -4 + -5?
-8
Evaluate -2 + (-2 - -4) + 4.
4
2 + 5 + -12 + 2
-3
What is -1 + (2 + 8 - 3)?
6
7 + (0 - (3 - 3) - 2)
5
Calculate -15 + (-4 - (6 - 18)).
-7
What is 0 + 9 - 15 - (0 - 6)?
0
-167 + 179 + -18 + -1
-7
What is (1 - 4 - -5) + 3?
5
Calculate -2 - (0 + 0) - -3.
1
What is the value of 7 + (11 - 18 - -3)?
3
What is (-21 - -8 - 1 - -8) + 10?
4
What is the value of (1 - -5) + -1 + -5 + 0?
0
What is the value of -1 + 2 + (2 - 1) - 1?
1
What is the value of 0 + -3 + 2 + (-2 - -1)?
-2
What is 2 - (2 + -1) - (80 - 76)?
-3
Evaluate (-5 - -2 - -3 - -3) + -6.
-3
Evaluate (-2 - (-4 - (-2 + 4))) + 0.
4
Calculate -2 + 2 + (-6 - -2) + -4.
-8
Calculate (-3 - (-9 - 1)) + -5.
2
What is (-5 + 5 - 3) + 1?
-2
What is the value of 4 + 1 - (7 + -10 + 3)?
5
What is 88 + -95 - (-2 - 1)?
-4
What is the value of 1 + (-3 - (8 + -5))?
-5
What is the value of 12 + (4 - 6 - 6)?
4
Evaluate -7 + (0 - (-16 + 10)).
-1
Calculate (-1 - -5) + (-24 - -21).
1
What is the value of -4 + (-3 - (0 - (-3 - -8)))?
-2
What is -3 + -2 - (1 + -2)?
-4
Evaluate -1 + (-1 - (-6 - -3 - -8)).
-7
-4 + 0 - (11 + -21)
6
Calculate 0 + -2 - (22 + -22).
-2
Calculate 7 + -3 + (-1 - -1) - 0.
4
What is (-2 - -6) + -5 + -3?
-4
Calculate -63 + 59 - (0 - (3 + 0)).
-1
What is (15 - (25 - 10)) + -2 + 10?
8
What is (6 - 13) + -4 - -11?
0
Calculate -5 - (2 - 2) - -8 - 6.
-3
-15 + 14 - (-3 + (2 - 0))
0
Evaluate 4 - 4 - (-1 + -2 + -1).
4
Calculate 6 - (5 - -14) - -4.
-9
Calculate -4 + 1 + 1 - (2 + -6).
2
Evaluate -3 - (-2 + -2) - (4 + -2).
-1
-10 - -8 - (-2 + 2 + -7)
5
What is -1 + -3 + (2 - 4) + 7?
1
Evaluate 1 + (-4 + (-3 - -5) - -3).
2
7 + -9 + -2 + 2
-2
What is the value of -4 + 8 + -11 - -16?
9
What is 2 + (-12 - -5 - -10)?
5
5 + -3 - (1 + -1)
2
Calculate 2 - (0 - (1 - -2) - -4).
1
Calculate 3 + (3 - 7) + -2.
-3
(15 - 12) + 7 + -8
2
Calculate (18 - 10 - (-3 - -11)) + 1.
1
-8 + (5 - 0) + 0
-3
What is the value of (-13 - 4) + 5 - (-4 - 0)?
-8
-5 + (-2 + 3 - -4)
0
Calculate 3 + 0 + -3 - 5.
-5
What is (-15 - -7 - -5) + -3?
-6
Evaluate 11 + (-8 - (11 - 9)).
1
Evaluate 2 + (-3 - (-3 + (-1 - 0))).
3
What is the value of -2 + (6 - (3 + -4))?
5
3 + -2 - (7 + -2)
-4
Calculate (6 - (-2 + 8) - -8) + -5.
3
6 + -8 - (1 + -5)
2
Evaluate (82 - 69) + (0 - 9).
4
What is the value of (6 - 6 - 0) + -6?
-6
Calculate -4 + 8 - -2 - (1 - -6).
-1
What is 11 - (-6 - -13) - (-3 + 0)?
7
What is the value of (7 - 1) + -52 + 46?
0
-1 + (4 - 3) + 0 - 0
0
What is (8 - 4 - 2) + -8 + 3?
-3
What is -1 + (1 - 5) + 3 + 6?
4
What is (13 - 8) + 0 + 3 + -3?
5
Evaluate -47 + 46 - (0 + -4).
3
Evaluate (1 - -7) + 5 - (0 + 8).
5
What is the value of -55 + 48 - (0 + 2)?
-9
(2 - 4) + -3 + 9 + -3
1
What is the value of 0 + -3 + (-2 - -3) + -3?
-5
Calculate -1 + -1 + -1 + -2 - -4.
-1
What is 5 + (2 - -5) + (-8 - -5)?
9
Evaluate -7 + -7 + 14 + -2 + 1.
-1
3 + 3 + -6 + 5
5
What is 1 + 5 - 3 - 4?
-1
What is 3 + (-5 - 0 - (-11 - -2))?
7
Evaluate -49 + 57 - (3 + 11).
-6
What is the value of 2 + (2 - 3) + -4 - -8?
5
-4 + -24 + 13 + 21
6
Calculate (-3 - -4 - 7) + 2.
-4
What is (1 - -1 - -2) + -2?
2
What is the value of 4 + (0 + -4 - 2) + 2?
0
What is the value of 8 + (4 - 2 - (6 - 2))?
6
6 + -6 + (-1 - 4)
-5
Calculate 13 + -18 - (-13 + -1 + 2).
7
Evaluate 2 + (-5 - (-6 - -1 - -5)).
-3
What is 11 - 5 - (-5 + 8 - 2)?
5
13 - 20 - (0 + -3)
-4
What is the value of (0 - -3) + (-2 - -5)?
6
Calculate 5 + (3 - 17) + 6.
-3
Calculate -5 + 2 + (10 - 3) + -5.
-1
-8 + 4 + 0 + 2
-2
What is 3 + (1 + -6 - 0)?
-2
Calculate -6 - 1 - (-16 + 9).
0
What is 5 - -1 - (-2 + (2 - 0))?
6
(6 - (4 + 3)) + 0 + 1
0
0 + 1 - (10 + -6)
-3
What is the value of (0 - -1) + -10 - (139 - 143)?
-5
Calculate 2 + -5 - 2 - (-44 + 33).
6
(13 - 3) + -2 - (12 + -7)
3
Evaluate (0 - 1) + 6 + 0.
5
-57 - -56 - (-9 + 0)
8
What is the value of 20 - 15 - (1 + 8)?
-4
-4 + -1 + 1 + -3 - -8
1
-3 - -2 - (-9 + 4 + 2)
2
What is the value of 0 - (2 + -2) - 0?
0
Calculate 6 - (0 - (-3 + 0)).
3
Calculate -6 + -2 + -2 + 3 - -3.
-4
1 - -3 - (-1 - -5 - 4)
4
What is -4 + -3 - (-10 - -9)?
-6
What